 17 = x*q. Calculate the remainder when 15 is divided by v.
7
Let u(g) be the third derivative of -g**6/120 - 2*g**5/15 + 5*g**4/12 + 7*g**3/2 - 8*g**2. Calculate the remainder when u(-9) is divided by 8.
4
Let w be 40/10 - (2 + 0). Let c(o) = -2*o + 5*o - w + 4*o - 5*o. Calculate the remainder when 29 is divided by c(4).
5
Let k(x) = -35*x + 1035. Calculate the remainder when k(14) is divided by 30.
5
Suppose -996 = -4*k + 2*a, -2*a + 252 = k - 7. Calculate the remainder when k is divided by 43.
36
Suppose 5 + 3 = 2*z. Suppose -92 + 297 = 5*k - z*j, 3*k + 4*j = 123. What is the remainder when k is divided by 14?
13
Suppose -79*t + 208 + 582 = 0. Suppose 3*y - 15 = -2*y, -5*w - 4*y + 147 = 0. Calculate the remainder when w is divided by t.
7
Let s(z) = z**3 - 23*z**2 + 23*z - 6. Let m = -126 + 204. What is the remainder when m is divided by s(22)?
14
Suppose 7 = w - 3*r - 2*r, 0 = -4*w - 5*r - 22. Let n(t) = -t**3 - 6*t**2 + 4*t - 8. Calculate the remainder when (2 + w)*(-75 - 14) is divided by n(-7).
11
Suppose -5*a + 10*x - 14*x = -175, 4*a = 4*x + 176. Calculate the remainder when 39 is divided by a.
0
Suppose 3*a - 246 + 132 = 0. Calculate the remainder when 41 is divided by a.
3
Let m be -1*(-3)/3*1. Let k(x) = -36*x - 4. Let f(c) = -107*c - 11. Let h(v) = -6*f(v) + 17*k(v). Calculate the remainder when 55 is divided by h(m).
27
Let h(u) = -u**3 + u**2 + u + 18. Let q be h(0). Let v(s) = -s**3 + 17*s**2 + 23*s - 29. What is the remainder when v(q) is divided by 9?
7
Suppose 8*b - 6*b = 36. Suppose 10*w - 4 = 296. Calculate the remainder when w is divided by b.
12
Let z(q) = 2*q**2 + 6*q + 1. Let l be (-4)/10 - (-2)/(-20)*266. Calculate the remainder when ((-144)/l)/(2/6) is divided by z(-4).
7
Let n be 9/(-6)*(-2)/3. Suppose 0 = -4*g + g - 2*u + n, 3*g - 17 = 2*u. Suppose -5*h = 16 - 46. Calculate the remainder when h is divided by g.
0
Calculate the remainder when (-3542)/(-18) - ((-184)/18 - -10) is divided by 8.
5
Suppose c + 4*m + 16 = 4*c, m = c - 4. What is the remainder when c - -159 - 1 - 1/1 is divided by 23?
19
Suppose -2*a = -6*a + 32. Let y(p) = -24*p - 1 + 28*p - 3. Calculate the remainder when y(a) is divided by 16.
12
Let k(t) = -t - 1. Let j(p) = -16*p + 1. Let b(s) = j(s) - 2*k(s). Let h be b(-3). What is the remainder when 1 is divided by 4/10 + 27/h?
0
What is the remainder when (-466)/(-10) + 4/10 is divided by -5 + 2/(-3)*(-180)/8?
7
Suppose -3*j - 3*l = 6, -j - 4*l = -4 + 15. Suppose -j + 15 = n. Let m = n - 0. Calculate the remainder when 95 is divided by m.
11
Suppose 957 = c + 10*c. Calculate the remainder when 346 is divided by c.
85
Let k = 14 + -5. Suppose -5*i = -s - 3, 0*s + 42 = 2*s + 2*i. Calculate the remainder when (s - 2)*(-16)/(-10) is divided by k.
6
Suppose 4*z + 44 = -2*i, -2*i - 10 = -3*z - 1. Let v(y) = y**3 + 14*y**2 + 14*y - 27. What is the remainder when v(i) is divided by 47?
46
Let h be (-124)/6*3/(-2). Let g = 57 - h. Calculate the remainder when 75 is divided by g.
23
Let n(v) = 4*v - 2*v - v + 12 + 0*v. Suppose 4*w - 31 - 41 = 0. Calculate the remainder when w is divided by n(-5).
4
Suppose -4*v + 9 = l, 4*l = -2*v - l + 9. Suppose -66 = -v*g + y - 6*y, 5*g - 111 = y. Calculate the remainder when g is divided by 1/(-3) - 16/(-3).
3
Suppose -32 = -36*t + 256. Suppose 5*u + 0 = 10. Calculate the remainder when t is divided by u.
0
Suppose 7*y - 106 = 601. Calculate the remainder when y is divided by 22.
13
Suppose 4*g + 0*g - 92 = 0. Calculate the remainder when g is divided by (1/1)/((-4)/(-36)).
5
Suppose -39*n + 116 = -40. Calculate the remainder when 31 is divided by n.
3
Suppose 0 = -2*v - 35 + 147. Let u = -166 + 185. Calculate the remainder when v is divided by u.
18
Suppose -a - 2*a + 3*y - 39 = 0, -75 = 5*a + 5*y. Calculate the remainder when a/(-35) - 346/(-10) is divided by 21.
14
Suppose 4*y = 2*o + 100, -3*y + 55 = -3*o - 14. What is the remainder when 52 is divided by y?
25
Suppose -3*d - 4 = -2*v + 38, -4*v + 84 = 2*d. Let r(w) = 4*w**3 - 3*w**2 + w - 1. What is the remainder when r(3) is divided by v?
20
Let o = 51 + -26. Let z(y) = y**2 + y - 1. Let c be z(0). What is the remainder when 2336/8*c/(-4) is divided by o?
23
Suppose 0 = -53*d - 205 + 3067. Suppose -4*x - 2*u = -2*x + 2, u = -5. Suppose -4*y = 0, -y + 112 = 4*s - x*y. Calculate the remainder when d is divided by s.
26
Suppose v - 2*s = 2*s + 48, 5*v - 5*s = 180. Calculate the remainder when 154 is divided by v.
26
Let u(v) = v**2 + 4*v**2 + 0*v**2. Let l be 36/27 - 1/3. Calculate the remainder when 12 is divided by u(l).
2
Let c be -43 - (-1 + 5 + -1). Let b be c/(-8) - 6/8. Suppose -4*f + 4 = l - 4, -b*f + 2*l = -23. What is the remainder when 4 is divided by f?
1
Suppose 4018 - 245 = 7*j. Calculate the remainder when j is divided by 54.
53
Suppose 3*t - 46 + 25 = 0. Suppose t*v - 331 = 285. Calculate the remainder when v is divided by 18.
16
Let i(m) be the second derivative of m**3/3 - 4*m**2 + 6*m. Let v be i(5). What is the remainder when v/(-1 + (-12)/(-10)) is divided by 6?
4
Suppose 0 = 13*k - 8*k. Suppose k*i + i = 11. What is the remainder when 19 is divided by i?
8
What is the remainder when 20 is divided by (-55)/(-5) + (18 - 17)?
8
Let m = 564 - 555. Calculate the remainder when 38 is divided by m.
2
Suppose 4*a - 63 = 3*a. Calculate the remainder when 36 is divided by (-170)/(-7) + (-18)/a.
12
Suppose 224 = -5*u - 301. Let x = -63 - u. Let p = -2965 + 2980. What is the remainder when x is divided by p?
12
Let z(k) = k**2 - 2*k + 2. What is the remainder when 3 - (-8 - -7 - 71) is divided by z(-4)?
23
Let o(c) = c**2 - 15*c - 161. What is the remainder when o(26) is divided by 64?
61
Suppose -13 = 4*q - 61. What is the remainder when 67 is divided by q?
7
Suppose 2*o = 3*o - 6. Suppose 4*m - m - o = 0. What is the remainder when (0 + -5)*1*-1 is divided by m?
1
Suppose -3*l - 3 = -2*o + 12, 0 = -2*o + 5*l + 5. Calculate the remainder when 12 is divided by (1 - 0)*105/o.
5
Let c(s) = -s**3 - s**2 - s + 10. Let k be (-50)/18 - (-4)/(-18). Calculate the remainder when c(k) is divided by 11.
9
Let m(a) = 2*a**2. Let h be m(-1). Suppose h*g = -g + 6. Suppose 4*n + 5 = 6*n - c, 4*n + 3*c = 5. Calculate the remainder when g is divided by n.
0
Let t be (21/5)/(5/25). Suppose 9*h - t = 2*h. Suppose 0 = -h*s + x + 127, 0 = -2*x + 4*x + 2. Calculate the remainder when s is divided by 9.
6
Let i be -1 - (0 + (-20)/4). Suppose -33 = -2*w - y - 0*y, 20 = -i*y. Let k = w + -3. What is the remainder when 47 is divided by k?
15
Let b = -457 - -509. What is the remainder when b is divided by 12?
4
Let s = 2533 + -2501. What is the remainder when 86 is divided by s?
22
Calculate the remainder when -1*5641/(-6) - (-293)/(-1758) is divided by 29.
12
Let m(y) = 34*y + y**3 + 3*y**2 + 2 - 26*y - 22*y. What is the remainder when 41 is divided by m(-5)?
19
Let z(t) = t**2 - 11*t + 41. Suppose b + 4*b = -j + 36, 3*j = 4*b - 44. Let x = 27 + 23. Calculate the remainder when x is divided by z(b).
16
Let n = 29 - 13. Suppose -u + 142 = 4*t, -2*u + 4 - 8 = 0. What is the remainder when n is divided by t/(-8)*4/(-2)?
7
Suppose -11*n = -10*n - 62. Suppose 2*c - 38 = n. Let s = 24 - 7. Calculate the remainder when c is divided by s.
16
Let b be (80/(-32))/((-2)/72). Calculate the remainder when (14 - 15)/((-2)/b) is divided by 17.
11
Let h(r) = 5*r**2 + 2*r + 2. Let t be h(-1). Suppose -4*j + t*v = -107, 4*v = 5*j + 2*v - 121. Calculate the remainder when 65 is divided by j.
19
Let g be 2 + ((-9)/2)/((-9)/(-12)). What is the remainder when ((-65)/2 - g)*-2 is divided by 29?
28
Let s(q) = -12*q + 136. Calculate the remainder when s(-18) is divided by 104.
40
Suppose 4*i = -5*m - 148, i + 5*m = -22 - 15. Let z = -31 - i. Calculate the remainder when 9 is divided by z.
3
Suppose 5*q - 130 = 100. Suppose -15*b = -241 - 149. Calculate the remainder when q is divided by b.
20
Let d(q) = -4*q**2 - 5*q - 7. Let b(i) = 5*i**2 + 4*i + 8. Let g(r) = 3*b(r) + 4*d(r). Calculate the remainder when 38 is divided by g(-6).
6
Let n be (-66)/11 - (-1 - -4). Let g = n - -49. Suppose -3*o + 5*f = -38, o + 4*f + 5 = 12. What is the remainder when g is divided by o?
7
What is the remainder when 265 is divided by ((-264)/220)/(-2*(-3)/(-240))?
25
Let u